{"id":292,"date":"2019-05-22T11:10:32","date_gmt":"2019-05-22T09:10:32","guid":{"rendered":"https:\/\/www.flashline.eu\/?page_id=292"},"modified":"2024-02-16T08:06:25","modified_gmt":"2024-02-16T07:06:25","slug":"impressum","status":"publish","type":"page","link":"https:\/\/www.flashline.eu\/index.php\/impressum\/","title":{"rendered":"Impressum"},"content":{"rendered":"<p><strong>Triple X GmbH<\/strong><br \/>\nIndustriestr.11<br \/>\n96120 Bischberg<\/p>\n<p>Sitz der Gesellschaft: Trosdorf<br \/>\nRegistergericht: Bamberg HRB 8376<br \/>\nSteuernummer: 207\/140\/40686<\/p>\n<p>Ust-Id.: DE 261 346 142<\/p>\n<p>Gesch\u00e4ftsf\u00fchrer: Stefan Donner; Stefanie Donner<\/p>\n<p>Tel. +49(0)9503\/50243-0<br \/>\nFax.+49(0)9503\/50243-10<\/p>\n<p>Email: <a href=\"mailto:info@triplex-sports.de\">contact@triplex-sports.de<\/a><\/p>\n<p>Verantwortlicher f\u00fcr den Inhalt i.S.d.\u00a7 10 MDStV: Stefan Donner<\/p>\n<p>Webdesign by Laura Linke<br \/>\n(linke.laura(at)gmx.de)<\/p>\n<p><strong>Haftungsausschluss<\/strong><br \/>\nTrotz sorgf\u00e4ltiger inhaltlicher Kontrolle \u00fcbernehmen wir keine Haftung f\u00fcr die Inhalte externer Links. F\u00fcr den Inhalt der verlinkten Seiten sind ausschlie\u00dflich deren Betreiber verantwortlich. Die Inhalte dieser Website werden unter Ausschluss jeglicher Gew\u00e4hrleistung zur Verf\u00fcgung gestellt. Der Nutzer wird ausdr\u00fccklich darauf hingewiesen, dass die Website Tippfehler sowie falsche, unvollst\u00e4ndige oder \u00fcberholte Informationen enthalten kann. Die Nutzung der auf dieser Website zur Verf\u00fcgung gestellten Inhalte erfolgt auf alleinige Gefahr des Nutzers. Triple X GmbH \u00fcbernimmt insbesondere keine Haftung f\u00fcr die Richtigkeit, Vollst\u00e4ndigkeit oder Brauchbarkeit der auf dieser Website zu findenden Informationen f\u00fcr einen bestimmten Zweck. Ausdr\u00fccklich ist Triple X GmbH nicht verantwortlich, wenn der Nutzer im Vertrauen auf die Fehlerfreiheit und Vollst\u00e4ndigkeit der Inhalte Handlungen vornimmt oder unterl\u00e4sst und ihm infolgedessen Sch\u00e4den entstehen. Falls die Nutzung dieser Website bzw. der auf ihr angebotenen Inhalte dazu f\u00fchrt, dass Sie Ihre Ger\u00e4te oder Ihre Daten warten, reparieren, austauschen oder sonst wie korrigieren m\u00fcssen, \u00fcbernimmt Triple X GmbH hierf\u00fcr keinerlei Kosten. Triple X GmbH kann auch nicht f\u00fcr entgangene Vorteile, Vertr\u00e4ge oder sonstige unmittelbare oder mittelbare Sch\u00e4den, die aus diesen Informationen entstehen k\u00f6nnen, haftbar gemacht werden.<\/p>\n<p><strong>Copyright \u00a9<\/strong><br \/>\nAlle Rechte vorbehalten. Insbesondere d\u00fcrfen Nachdruck, Aufnahme in Online-Dienste und Internet und Vervielf\u00e4ltigung auf Datentr\u00e4ger wie CD-ROM, DVD-ROM etc. nur nach vorheriger schriftlicher Zustimmung erfolgen. Grafiken, Text und Bilder sowie deren Anordnung auf dieser Website unterliegen dem Schutz des Urheberrechts und anderer Schutzgesetze. Der Inhalt der Website darf nicht zu kommerziellen Zwecken kopiert, verbreitet, ver\u00e4ndert oder Dritten zug\u00e4nglich gemacht werden. Diese Website enth\u00e4lt Bilder die dem copyright Dritter unterliegen. Nicht kommerzielle Berichterstattung in Print und Onlinemedien mit Fotos, Grafiken und sonstigen Daten von dieser Website darf nur mit dem Nachweis \u00a9 Triple X GmbH vervielf\u00e4ltigt oder verbreitet werden.<\/p>\n<p><strong>Allgemeine Datenschutzerkl\u00e4rung<\/strong><br \/>\nDie Privatsph\u00e4re der Website-Besucher bleibt gewahrt! Es gilt grunds\u00e4tzlich, dass personenbezogene Daten der Besucher nicht automatisch erhoben werden. Nur Daten die auf freiwilliger Basis zu Verf\u00fcgung gestellt wurden werden genutzt! Diese Daten sind ausschlie\u00dflich Triple X GmbH bekannt. Bestimmte nicht personenbezogene Daten (z.B. Typ des verwendeten Web-Browsers, Art des beim Nutzer verwendeten Betriebssystems und Domain-Name seines Internet-Providers) werden im Rahmen von Standardroutinen des Webservers in eine Protokolldatei gespeichert. Diese Daten werden haupts\u00e4chlich f\u00fcr interne Zwecke und nur in zusammengefasster, nicht personenbezogener Form benutzt.<br \/>\nPersonenbezogene Daten d\u00fcrfen auf der Website nur dann erhoben werden, wenn Website-Besucher diese Informationen freiwillig geben (z.B. wenn sie Anmeldeformulare f\u00fcr Gewinnspiele oder Newsletter ausf\u00fcllen). Eine Weitergabe an Dritte ist ausgeschlossen.<\/p>\n<p><strong>Recht auf Widerruf<\/strong><br \/>\nWenn Sie uns personenbezogene Daten \u00fcberlassen haben, k\u00f6nnen Sie diese jederzeit wieder l\u00f6schen. Daten f\u00fcr Abrechnungs- und buchhalterische Zwecke sind von einer K\u00fcndigung beziehungsweise von einer L\u00f6schung nicht ber\u00fchrt.<\/p>\n<p><strong>Kinder<\/strong><br \/>\nPersonen unter 18 Jahren sollten ohne Zustimmung der Eltern oder Erziehungsberechtigten keine personenbezogenen Daten an uns \u00fcbermitteln. Triple X GmbH beh\u00e4lt sich das Recht vor, jederzeit diese Richtlinien unter Beachtung der datenschutzrechtlichen Vorgaben zu \u00e4ndern.<\/p>\n<p><strong>Externe Links<\/strong><br \/>\nDiese Website enth\u00e4lt Links zu anderen Websites. Triple X GmbH und ist nicht verantwortlich f\u00fcr die Datenschutzregelungen, -durchsetzungen und Inhalte dieser Websites.<\/p>\n<p><strong>Anerkennung dieser Datenschutzerkl\u00e4rung<\/strong><br \/>\nDurch Besuch dieser Website erkl\u00e4ren Sie Ihre Zustimmung zu dieser Datenschutzerkl\u00e4rung. Wenn Sie sich mit dieser Datenschutzerkl\u00e4rung nicht einverstanden erkl\u00e4ren, bitten wir Sie, diese Website nicht (weiter) zu besuchen. Triple X GmbH beh\u00e4lt sich das Recht vor, nach eigenem Ermessen und jederzeit \u00c4nderungen an Teilen dieser Datenschutzerkl\u00e4rung vorzunehmen, d.h. Passagen zu erg\u00e4nzen, zu \u00e4ndern oder zu streichen. Bitte pr\u00fcfen Sie diese Seite regelm\u00e4\u00dfig auf \u00c4nderungen. Wenn Sie diese Website auch nach erfolgten \u00c4nderungen weiter besuchen, erkl\u00e4ren Sie sich auf diesem Weg mit diesen \u00c4nderungen einverstanden.<\/p>\n","protected":false},"excerpt":{"rendered":"<p>Triple X GmbH Industriestr.11 96120 Bischberg Sitz der Gesellschaft: Trosdorf Registergericht: Bamberg HRB 8376 Steuernummer: 207\/140\/40686 Ust-Id.: DE 261 346 142 Gesch\u00e4ftsf\u00fchrer: Stefan Donner; Stefanie Donner Tel. +49(0)9503\/50243-0 Fax.+49(0)9503\/50243-10 Email: contact@triplex-sports.de Verantwortlicher f\u00fcr den Inhalt i.S.d.\u00a7 10 MDStV: Stefan Donner Webdesign by Laura Linke (linke.laura(at)gmx.de) Haftungsausschluss Trotz sorgf\u00e4ltiger inhaltlicher Kontrolle \u00fcbernehmen wir keine Haftung f\u00fcr die Inhalte externer Links. F\u00fcr [&hellip;]<\/p>\n","protected":false},"author":1,"featured_media":0,"parent":0,"menu_order":0,"comment_status":"closed","ping_status":"closed","template":"","meta":[],"_links":{"self":[{"href":"https:\/\/www.flashline.eu\/index.php\/wp-json\/wp\/v2\/pages\/292"}],"collection":[{"href":"https:\/\/www.flashline.eu\/index.php\/wp-json\/wp\/v2\/pages"}],"about":[{"href":"https:\/\/www.flashline.eu\/index.php\/wp-json\/wp\/v2\/types\/page"}],"author":[{"embeddable":true,"href":"https:\/\/www.flashline.eu\/index.php\/wp-json\/wp\/v2\/users\/1"}],"replies":[{"embeddable":true,"href":"https:\/\/www.flashline.eu\/index.php\/wp-json\/wp\/v2\/comments?post=292"}],"version-history":[{"count":3,"href":"https:\/\/www.flashline.eu\/index.php\/wp-json\/wp\/v2\/pages\/292\/revisions"}],"predecessor-version":[{"id":1484,"href":"https:\/\/www.flashline.eu\/index.php\/wp-json\/wp\/v2\/pages\/292\/revisions\/1484"}],"wp:attachment":[{"href":"https:\/\/www.flashline.eu\/index.php\/wp-json\/wp\/v2\/media?parent=292"}],"curies":[{"name":"wp","href":"https:\/\/api.w.org\/{rel}","templated":true}]}}